 h**2 + 6*h + 23. What are the prime factors of l(0)?
23
Suppose -m + z + 23 = -0*m, 0 = 5*z. What are the prime factors of m?
23
Let r = -17 - -12. List the prime factors of r/5 + 15 + -1.
13
Suppose -3*a - 3*b = -b - 45, -4*b + 30 = 2*a. List the prime factors of ((-39)/a + 3)*95.
2, 19
Suppose -3*s - 40 = -118. List the prime factors of s.
2, 13
Let q = 10 + -7. Suppose -q*w + 20 = -2*w. List the prime factors of w.
2, 5
Let d = -11 + 16. Suppose -p + 13 = -3*w, 3*p + 28 = 5*p - d*w. List the prime factors of p.
19
Let d = 96 - 54. List the prime factors of d.
2, 3, 7
Suppose 0 = 2*u + 3*h - 22, 4*h + 44 = 4*u + 5*h. Let q(t) = t**3 - 5*t**2 + 2. Let v be q(5). Suppose -v*g + u = -g. List the prime factors of g.
11
Suppose 5*x = 20, 0*j - 4*x = 4*j. Let r = j + 11. Suppose -5*u - r = 2*q, 5*u = 4*q - 34 + 3. List the prime factors of q.
2
Let p be (-4)/(-16)*2*6. Suppose 0 = p*x - 10 - 23. What are the prime factors of x?
11
Let n(l) = 2*l**3 - 3*l**3 + 2*l**3 + 2 + l + l**2. Let k be n(0). Suppose k = s - 3. List the prime factors of s.
5
Let w = -4 + 5. Let o(c) = 3*c**2 + 0*c**2 - 2*c**2 - w + 2*c. List the prime factors of o(-3).
2
Let a(s) = 4*s**3 - 7*s**2 - 6*s + 11. Let n(x) = -7*x**3 + 14*x**2 + 11*x - 21. Let o(h) = 5*a(h) + 3*n(h). What are the prime factors of o(7)?
13
Let f be 60*(4/3)/2. Suppose -y + 17 + 19 = 4*l, 5*y = 2*l - f. What are the prime factors of l?
2, 5
What are the prime factors of 53 - (-6)/(9/(-3))?
3, 17
Suppose -u + 2 = -1. Let p = 0 + u. Suppose p*c - 66 + 18 = 0. What are the prime factors of c?
2
Let k = 2 + -4. List the prime factors of (-1 + (k - -1))*-2.
2
Suppose -m = -2*m. Suppose -6*l + 38 + 202 = m. What are the prime factors of l?
2, 5
Let a(v) = v**3 + 7*v**2 + 6*v - 2. Let t be a(-6). Let m(y) be the third derivative of -y**4/6 + 3*y**2. What are the prime factors of m(t)?
2
Let g be 5/(-10)*(-1 - -1). Let h = 3 + g. What are the prime factors of h?
3
Let f(j) = -j**2 - 2*j + 2. Let h be f(-2). Suppose -1 = c - n, -2*c = -4*c - h*n + 10. List the prime factors of c.
2
Suppose -3*l = -5*p - 151, 0 = -p + 1. Let m = 11 + -8. Suppose l = 4*o - 4*r, 0 = -m*o - 4*r + 49 + 11. What are the prime factors of o?
2
Let k = 121 - 64. Let d = 93 - k. What are the prime factors of d?
2, 3
Let r(s) = s**2 - 4*s + 3. Let a be r(3). Let z = a + -3. Let h(q) = -6*q + 2. List the prime factors of h(z).
2, 5
List the prime factors of (-228)/(-15) - (-3)/(-15).
3, 5
List the prime factors of 7/28 + (-502)/(-8).
3, 7
Let x(f) = -f**3 - 4*f**2 - 2*f + 1. Let n be x(-3). Let m(u) = -11*u + 2. List the prime factors of m(n).
2, 3
What are the prime factors of (-2)/(-14) - (-3718)/91?
41
Suppose -238 = -5*h - 2*t, h + 3*t - 33 - 25 = 0. What are the prime factors of h?
2, 23
Let i = 13 - 8. Suppose 5*y - 3*x = -5*x - i, 3*x = -5*y. What are the prime factors of (2/6)/(y/(-81))?
3
Let r(j) = -21*j + 43. List the prime factors of r(-5).
2, 37
What are the prime factors of 2/(-8) + (-117)/(-36)?
3
Let g = 7 + -2. Suppose 0 = -g*k - 20, 0*k - 4*k + 12 = i. List the prime factors of 2/7 + 132/i.
5
Suppose -7*d = -3*d - 108. List the prime factors of d.
3
Suppose -33 - 9 = 2*b + 4*r, -5*b + 4*r - 35 = 0. Let a = 20 + b. List the prime factors of a.
3
Let i(k) = k**3 - 5*k**2 - 6*k + 3. Suppose 3*w + 0*w + 1020 = 0. Let j be w/(-55) - 4/22. List the prime factors of i(j).
3
Let r = -6 + 5. List the prime factors of -6 + (2 - r) - -13.
2, 5
Let z(c) = -c**3 - 7*c**2 + 4. Let o be z(-7). Let u be ((-30)/9)/(4/(-6)). Suppose 4*a = -4*g + 16, -3*a + u*a - 2 = -o*g. List the prime factors of a.
7
Let a(t) = -t**3 - 5*t**2 + 3*t + 8. Suppose 5*d = -4*h - 38, 0 = -4*d + 2*h + 2 - 22. List the prime factors of a(d).
2, 13
Suppose 7*i + 81 = 4*i. Let n = i + 52. List the prime factors of n.
5
Suppose 0 = 3*v - 9 - 0. Suppose 0 = v*i - 29 - 1. List the prime factors of i.
2, 5
Let n(y) = 0*y**2 - 2*y**2 + y**2 + 2*y. Let m be n(2). Suppose m = 2*x + x - 18. List the prime factors of x.
2, 3
Let d(r) = r**2 + 3*r + 0*r - 2*r + 16 + 10*r. Let h be d(-13). Suppose 0 = -4*o + x - 2*x + h, -4*o - 4*x + 48 = 0. What are the prime factors of o?
2, 5
Let g(j) = -4*j**2 + 2*j + 4. Let f be g(5). Let s = 129 + f. List the prime factors of s.
43
List the prime factors of (2/(-6) - 0)*-243.
3
Let b be (68/12)/(3/9). Suppose 4*d - b = -y, d = -0*d - 5*y - 10. Suppose -5*p + d = -50. List the prime factors of p.
11
Let b(j) = -2*j - 1. Suppose 0 = 3*o - 3*x - 18, 3 = 2*o - 3*x - 13. Suppose 2*d - 3*d = o*v + 5, -5*d = -4*v - 45. List the prime factors of b(v).
3
Suppose 3*m - 2*w = w + 99, 3*m + 3*w = 75. Suppose -65 = -5*c + 4*a - 28, -3*c - a = -m. List the prime factors of c.
3
Suppose -4*u = -3*t - 0*t + 224, 220 = 3*t - 5*u. List the prime factors of t.
2, 5
Let a(y) = 2 + 2*y - 4*y + 4*y - 3*y. Let w be a(2). Suppose -4*v + w*v = -56. What are the prime factors of v?
2, 7
Suppose -3*r + 4*r - 5 = -4*y, -2*r - 16 = -5*y. Suppose 4*h = h + 27. Suppose f + y*f - h = 0. List the prime factors of f.
3
Let w(i) = -i**2 + 4*i - 17. Let y be w(7). Let t = 4 - y. What are the prime factors of t?
2, 3, 7
Let p(q) = -q**3 - 8*q**2 - 7*q. Let u be p(-7). Suppose -3*h = -u*h - 24. List the prime factors of h.
2
Let y = 39 - 30. What are the prime factors of y?
3
Let f(v) = -2*v + 1. Let z be f(1). Let p be -5 - 3/((-12)/(-8)). Let s = z - p. What are the prime factors of s?
2, 3
Suppose p - 5*b - 23 = 0, -b - 2 = -2*p - 2*b. Let j(s) = s**2 - s + 1. List the prime factors of j(p).
7
Suppose -2*u - 20 = -3*u. What are the prime factors of u?
2, 5
Let v(y) be the third derivative of y**6/120 + 7*y**5/60 + y**4/6 - 2*y**3/3 - 4*y**2. What are the prime factors of v(-6)?
2
Suppose -25 = 5*k + 20. Let i = 3 + k. Let b(c) = -c**2 - 8*c - 1. List the prime factors of b(i).
11
Let t(r) = -2*r + 3. Suppose -2*u + 2 = -4. Suppose -12 = u*h - 0*h. What are the prime factors of t(h)?
11
Suppose h = -3*j + 69, 3*h - 2*j = 4*h - 66. Suppose -4*d + h = d. List the prime factors of d.
2, 3
Suppose 0 = -2*h - 2 - 0, -2 = -l + 2*h. Suppose -c - 38 = -5*o, -4*o + l*o - 4*c = -40. What are the prime factors of o?
2
Suppose 4*x = u - 10, 4 = -u - 2*x - x. Let l(r) = r**2 - 11*r + 2. Let q(b) = b**2 - 17*b + 3. Let o(i) = 8*l(i) - 5*q(i). List the prime factors of o(u).
7
Let d(q) = -6 + q**2 + 4 + 0. Let b be d(2). What are the prime factors of ((-1)/b)/(1/(-12))?
2, 3
Let p(k) = k**2 - 2*k - 3. Let w be (25/(-15))/(1/(-3)). List the prime factors of p(w).
2, 3
Suppose -3*m + 87 = -2*m. List the prime factors of m.
3, 29
Let j(s) = 4*s**3 - 2*s - 2. Let g(d) = -d**3 + d**2 - d. Let y(p) = 3*g(p) + j(p). What are the prime factors of y(-4)?
2
Suppose -8*p - 510 = -11*p. List the prime factors of p.
2, 5, 17
Let m = -10 + 14. Suppose -m*x = -0*x - 28. What are the prime factors of x?
7
Suppose -7*q + 1161 = 2*q. List the prime factors of q.
3, 43
Let y(d) = 6*d**2 + d. Let l(g) = 2*g**2 + 3*g - 3. Let w be l(-3). Suppose 5*u = -5, -3*p = -w*p + 4*u + 7. List the prime factors of y(p).
7
Suppose c - 5*i = -2, 10 + 28 = 3*c - 4*i. Suppose -c = -2*l - l. List the prime factors of l.
2, 3
Suppose 0 = -4*l + 4*k + 176, -124 = -4*l - 2*k + 82. What are the prime factors of l?
7
Suppose 4*j + 120 = 8*j. List the prime factors of j.
2, 3, 5
Let q = 3 + -1. Let m be q/6 - 22/(-6). Suppose n + m*w = -2*n + 10, -n + 4 = w. What are the prime factors of n?
2, 3
Suppose 917 - 212 = 3*g. What are the prime factors of g?
5, 47
Suppose 3*z = 4*g - 2*z - 48, 3*g - 36 = 2*z. Suppose 0 = r - 3*r + g. Suppose 10 = r*l - l. List the prime factors of l.
2
Let u(s) = -5*s - 5. Let d(m) = 11*m + 10. Let a(g) = -6*d(g) - 13*u(g). Let c be a(3). Suppose -c = 2*n - 10. What are the prime factors of n?
2
Suppose 3*q - 163 = 2*q + 4*v, -652 = -4*q + 3*v. What are the prime factors of q?
163
Let d(m) = 8*m - 2. Let g(y) = -y**2 + 4*y. Let n be g(3). Let k be d(n). Suppose 0 = 3*i + 5*f - 7 - 3, -2*f + k = 3*i. List the prime factors of i.
2, 5
Let y = -3 - -5. Suppose -y*k - 2 + 32 = 0. Let m = 27 - k. What are the prime factors of m?
2, 3
Suppose 2 = -3*m - 1. Let l = m - -6. What are the prime factors of l?
5
Let k = -12 + 19. What are the prime factors of k?
7
Let v be 9/6 + 23/2. Suppose -4*g + 31 = 